st common factor of r and t.
25
Let d be (-20)/(-50)*((-5868)/(-8) - -4). What is the highest common factor of 354 and d?
59
Suppose 4*z - 335 = -5*g, z + 247 = 6*g - 2*g. Calculate the highest common divisor of g and 6.
3
Suppose -3*l = -69 + 15. What is the highest common divisor of 84 and l?
6
Let d be (-100)/(-6)*17/(85/24). Calculate the greatest common divisor of 90 and d.
10
Let m(r) = -r**3 - 19*r**2 - 23*r - 63. Let x be m(-18). Calculate the greatest common divisor of x and 36.
9
Suppose -22*m - 25 = -y - 20*m, -3*m - 15 = 0. Calculate the highest common divisor of 660 and y.
15
Suppose 0 = -2*b + 3 - 9. Let g be -3 + 311/(0/b - -1). Calculate the greatest common divisor of g and 28.
28
Let z(k) = -3*k**3 + 2*k**2 - k + 3. Let w be z(2). Let f = w + 47. What is the highest common divisor of 80 and f?
16
Let l be 66/(-1)*(1 + (-5)/3). Let i(u) = 7*u**2 - 7*u + 4. Let q be i(4). Suppose 2*d = -2*d + q. Calculate the greatest common divisor of d and l.
22
Suppose 0 = 2*b - 266 - 1594. Calculate the greatest common factor of b and 15.
15
Let d(b) = 16*b + 16. Let r = 66 - 62. Let p be d(r). What is the greatest common divisor of 32 and p?
16
Let i(c) = -25 + 207*c - 225*c - 19. Let a be i(-4). What is the highest common divisor of a and 112?
28
Let a be ((-2)/(-6))/(1/6). Suppose -12 = -c - 3*f + a, -2*c - 2*f = -12. Suppose 0 = c*t - 0*t - 44. What is the highest common divisor of 22 and t?
22
Suppose -16*v + 14*v = o - 14, -5*o = -5*v - 55. Let m be (-3 - -2)/((-2)/24). Calculate the highest common factor of o and m.
12
Let n = -412 + 748. Calculate the highest common factor of n and 126.
42
Let g(b) = -3*b**2 - 6*b + 75. Let c be g(-6). Calculate the greatest common divisor of 192 and c.
3
Let h = -235 - -246. What is the highest common factor of h and 77?
11
Let j be (-1)/(1*-1) + 794. Let x(o) = 4*o**2 + 27*o - 105. Let f be x(5). Suppose -j = -7*l - f. Calculate the greatest common factor of 19 and l.
19
Let h = 17 - -55. Calculate the greatest common factor of h and 168.
24
Let c(n) = -10*n + 14. Let v be c(-7). What is the highest common divisor of v and 56?
28
Suppose 0 = b - 2 - 87. Suppose 7*r = 299 - b. What is the greatest common factor of r and 10?
10
Suppose -7 = -2*u + 1. Suppose -5*d + o - u*o + 74 = 0, -d = 5*o - 28. Calculate the greatest common factor of 13 and d.
13
Let q = 74 - 38. Suppose 4*g = 5*v - 282, 5*v - 5*g = 281 + 4. Calculate the greatest common factor of q and v.
18
Let r(t) = -t + 16. Suppose -38 = -3*l + 5*j, 4*l - 24 = j + 4. Let q be r(l). What is the greatest common factor of q and 25?
5
Let z be ((-6)/(-4))/((-3)/(-4)). Let v(b) = 5*b**3 - 2*b**2 - 2*b + 2. Let g be v(z). Calculate the greatest common divisor of 6 and g.
6
Suppose -473 = -t - 4*r, -7*r + 4*r = 2*t - 946. Calculate the greatest common divisor of 43 and t.
43
Suppose 215 = s + 3*n, 4*n + 426 = 2*s + 8*n. Let a = 10 + 9. What is the greatest common divisor of s and a?
19
Suppose 0 = 4*x + 20, -x + 8 = 3*o + 1. Let j(q) = -q**3 + 13*q**2 + 16*q + 8. Let c be j(14). Calculate the highest common factor of o and c.
4
Let o(a) be the second derivative of -1/3*a**4 - 1/20*a**5 + 3*a**2 - 4/3*a**3 + 0 + 5*a. Let b be o(-6). What is the highest common divisor of b and 14?
14
Let w be 33/(-5)*(19 - 39). What is the greatest common divisor of 44 and w?
44
Suppose 4*t + 140 = 18*t. What is the highest common factor of t and 15?
5
Let q be ((-29920)/(-12))/4*6. Suppose q = -5*r + r. Let y be r/(-44) - (-2)/(-8). What is the highest common divisor of y and 84?
21
Suppose 38 = 3*y + 4*m, -3*m - 1 = -2*y - 4. Suppose 2*x - 3*f = 25 - y, 2*f = -10. What is the highest common factor of x and 8?
2
Let h be ((-14)/(-4))/(-8 + (-1595)/(-198)). Calculate the greatest common factor of h and 2961.
63
Let l(s) = -s**2 - 13*s - 3. Let y be l(-12). Let o be 2/y - 11/((-198)/68). Calculate the highest common factor of o and 12.
4
Let l(c) = 9*c + 12. Let o be l(-8). Let y = -25 - o. Let d be (-2 - -2) + 0 + 14. Calculate the highest common factor of d and y.
7
Let z(h) = 9*h**2 - 14*h + 31. Let q be z(-10). What is the greatest common factor of q and 238?
119
Suppose -20*m - 122 = -736 - 666. Let d(n) = -9*n - 1. Let o be d(-1). Calculate the highest common factor of o and m.
8
Let d be (340/6 - 0)/(62/93). What is the greatest common divisor of 35 and d?
5
Let h be 177/6 - 1/(-2). Let x be (2 - 12/16)*8. What is the highest common factor of h and x?
10
Suppose -3*c = -c - 5*i - 6536, 3*c = -2*i + 9804. Calculate the greatest common factor of 43 and c.
43
Let i = 26 + 19. Suppose -s - 124 = -5*r, 0 = -4*r + 2*s + i + 59. Let y = -17 + 29. What is the highest common divisor of y and r?
12
Suppose 7*q - 254 = -2. What is the highest common factor of 270 and q?
18
Suppose -q - 4*y = -4*q + 7, 4*y = 8. Calculate the highest common factor of q and 55.
5
Suppose -130 = 6*w - 2314. What is the greatest common divisor of w and 28?
28
Let j = -156 - -103. Suppose -4*w + 0*q - 3*q = 446, -544 = 5*w - 3*q. Let z = j - w. Calculate the greatest common factor of 19 and z.
19
Let k be (24/20)/((-3)/(-45)). Calculate the highest common divisor of 576 and k.
18
Suppose -3*i - 24*g + 168 = -19*g, 2*i - 112 = 5*g. What is the greatest common divisor of 1400 and i?
56
Let u be ((-10)/2)/(1/(-23)). Suppose -z + u = 5*n, 0 = 4*z - 8 - 12. Let y be 420/231 - 4/(-22). Calculate the highest common divisor of y and n.
2
Suppose -n = 5*f - 18, 0*n - 2*n - 6 = -4*f. Suppose 2*j = 9 - n. Suppose o - t - 44 = j*t, -196 = -5*o - 4*t. What is the highest common factor of 5 and o?
5
Let w be 4*(-10)/6*(-78)/8. Suppose 3*r = t - 34, -2*r - 3*r = -2*t + w. Suppose -i - 3*i + 1100 = 0. Calculate the greatest common divisor of i and t.
25
Let n = 36 - 15. Let p(j) = -j + 3. Let g be p(9). Let x(w) = -6*w + 6. Let k be x(g). Calculate the highest common factor of n and k.
21
Suppose 0 = -2*a + 6*a + 16. Let b(q) = -q**3 - 4*q**2 - 6*q - 9. Let m be b(a). Calculate the greatest common divisor of m and 20.
5
Let d(a) = a**3 - 13*a**2 + 5*a + 2. Let w be d(13). Calculate the greatest common divisor of 1809 and w.
67
Suppose 5*f = -72 + 347. Let s be (4/10)/(1/f). What is the highest common divisor of s and 99?
11
Let k = 460 + -456. Calculate the greatest common divisor of k and 17.
1
Let d be (-10 - 0)*13/(-13). Calculate the greatest common divisor of 270 and d.
10
Let f be 6/(-21) - (-8)/28. Suppose f = 3*p - x - 153, 3*p - 5*x - 89 = p. Suppose -3*d - d = -p. What is the greatest common divisor of 65 and d?
13
Suppose 4*z - 1 = -4*g + 27, -49 = -4*g + 3*z. Suppose g*y - 80 = 5*y. Let v = 16 + -8. What is the greatest common factor of v and y?
8
Let d be ((-12)/(-3) - -24) + -7. What is the highest common divisor of 1722 and d?
21
Let r be 116/5 + 1 - 1/5. Let c = r - 20. Calculate the highest common divisor of 44 and c.
4
Let d = 42 + -8. Let p be (0 - (11 + -2))/(18/(-204)). What is the greatest common divisor of d and p?
34
Let f be 49*((-72)/(-56))/(3/4). What is the greatest common divisor of 112 and f?
28
Let w be -3 - 6*1/(-2). Suppose -4*c - 5*k + 345 = w, 0 = k + k - 10. Let u = 36 + -20. Calculate the highest common divisor of c and u.
16
Let a(o) = 10*o + 4. Let u(j) = j**2 - 2*j + 2. Let p be u(2). Let d be a(p). Calculate the highest common divisor of d and 12.
12
Let z(c) = -c**3 + 10*c**2 - 9*c + 12. Let h be z(10). Let b = 92 + h. Calculate the highest common divisor of b and 21.
7
Let m be (4/(-1) - -12)*1. Suppose 0 = -4*c + m, c = 2*j - 2*c - 42. Calculate the greatest common factor of j and 6.
6
Suppose 3*k = 2*k - 5*c + 15, 0 = 4*k + 4*c - 44. Let q be 18 - (-2)/(-1)*-1. Let b = q - k. Calculate the greatest common divisor of b and 70.
10
Let t be ((-4)/8)/(8/(-1824)). Calculate the greatest common divisor of 76 and t.
38
Suppose 296*a - 315*a = -7524. What is the highest common factor of 44 and a?
44
Let f be 5/(-5) + 36 + 1. Suppose -5*h + 0*h + 145 = 0. Suppose 2*p = h - 5. What is the greatest common divisor of p and f?
12
Suppose 39*u = 36*u + 30. Calculate the greatest common factor of u and 30.
10
Let g = 10 + -16. Let b = g + 27. Suppose h = 143 - 38. What is the greatest common factor of b and h?
21
Let s = -554 - -699. Calculate the greatest common factor of 10 